{"id":1524,"date":"2016-10-04T20:39:26","date_gmt":"2016-10-04T18:39:26","guid":{"rendered":"http:\/\/event-ww.de\/blog\/?page_id=1524"},"modified":"2016-10-04T20:43:51","modified_gmt":"2016-10-04T18:43:51","slug":"auszug-vip-gaesteliste-500-jahre-klosterbraeu","status":"publish","type":"page","link":"https:\/\/event-ww.de\/blog\/auszug-vip-gaesteliste-500-jahre-klosterbraeu\/","title":{"rendered":"Auszug VIP G\u00e4steliste &#8211; 500 Jahre Klosterbr\u00e4u"},"content":{"rendered":"<div class=\"page\" title=\"Page 2\">\n<div class=\"layoutArea\">\n<div class=\"column\">\n<h3>Auszug VIP G\u00e4steliste &#8211; 500 Jahre Klosterbr\u00e4u<\/h3>\n<p>Sophia Thomalla, Schauspielerin<br \/>\nSimone Thomalla, Schauspielerin<br \/>\nThore Sch\u00f6lermann, Schauspieler und TV-Moderator<br \/>\nHardy Kr\u00fcger Junior, Schauspieler<br \/>\nEva Habermann, Schauspielerin<br \/>\nNadine Warmuth, Schauspielerin<br \/>\nCarin C. Tietze, Schauspielerin<br \/>\nKaterina Jacob, Schauspielerin<br \/>\nAlexander Mazza, TV-Moderator<br \/>\nEsther Sedlaczek, Sportmoderatorin<br \/>\nAlec V\u00f6lkel, Musiker<br \/>\nJulia Dahmen, Schauspielerin<br \/>\nSimone Ballack, Gastronomin<br \/>\nJana Kilka, Schauspielerin<br \/>\nAlexandra Polzin und Gerhard Leinauer, TV-Moderatoren<\/p><\/div>\n<\/div>\n<\/div>\n","protected":false},"excerpt":{"rendered":"<p>Auszug VIP G\u00e4steliste &#8211; 500 Jahre Klosterbr\u00e4u Sophia Thomalla, Schauspielerin Simone Thomalla, Schauspielerin Thore Sch\u00f6lermann, Schauspieler und TV-Moderator Hardy Kr\u00fcger Junior, Schauspieler Eva Habermann, Schauspielerin Nadine Warmuth, Schauspielerin Carin C. Tietze, Schauspielerin Katerina Jacob, Schauspielerin Alexander Mazza, TV-Moderator Esther Sedlaczek, Sportmoderatorin Alec V\u00f6lkel, Musiker Julia Dahmen, Schauspielerin Simone Ballack, Gastronomin Jana Kilka, Schauspielerin Alexandra Polzin&hellip;<\/p>\n","protected":false},"author":3,"featured_media":0,"parent":0,"menu_order":0,"comment_status":"closed","ping_status":"closed","template":"","meta":{"_monsterinsights_skip_tracking":false,"_monsterinsights_sitenote_active":false,"_monsterinsights_sitenote_note":"","_monsterinsights_sitenote_category":0},"yst_prominent_words":[],"_links":{"self":[{"href":"https:\/\/event-ww.de\/blog\/wp-json\/wp\/v2\/pages\/1524"}],"collection":[{"href":"https:\/\/event-ww.de\/blog\/wp-json\/wp\/v2\/pages"}],"about":[{"href":"https:\/\/event-ww.de\/blog\/wp-json\/wp\/v2\/types\/page"}],"author":[{"embeddable":true,"href":"https:\/\/event-ww.de\/blog\/wp-json\/wp\/v2\/users\/3"}],"replies":[{"embeddable":true,"href":"https:\/\/event-ww.de\/blog\/wp-json\/wp\/v2\/comments?post=1524"}],"version-history":[{"count":0,"href":"https:\/\/event-ww.de\/blog\/wp-json\/wp\/v2\/pages\/1524\/revisions"}],"wp:attachment":[{"href":"https:\/\/event-ww.de\/blog\/wp-json\/wp\/v2\/media?parent=1524"}],"wp:term":[{"taxonomy":"yst_prominent_words","embeddable":true,"href":"https:\/\/event-ww.de\/blog\/wp-json\/wp\/v2\/yst_prominent_words?post=1524"}],"curies":[{"name":"wp","href":"https:\/\/api.w.org\/{rel}","templated":true}]}}