{"id":412,"date":"2014-05-26T00:23:25","date_gmt":"2014-05-25T22:23:25","guid":{"rendered":"http:\/\/wpexplorer-demos.com\/twenties\/?page_id=412"},"modified":"2021-09-05T13:18:28","modified_gmt":"2021-09-05T11:18:28","slug":"ueber-uns","status":"publish","type":"page","link":"https:\/\/event-ww.de\/blog\/ueber-uns\/","title":{"rendered":"\u00dcber W&#038;W"},"content":{"rendered":"<p style=\"text-align: center;\"><span style=\"font-size: 18px;\"><strong><span style=\"color: #a07c48;\">W&amp;W &#8211;\u00a0<\/span>Peter <span style=\"color: #a07c48;\">W<\/span>rede.\u00a0<\/strong><\/span><\/p>\n<p style=\"text-align: justify;\"><span style=\"font-size: 18px;\">Als B\u00f6rsenh\u00e4ndler hatte ich die M\u00f6glichkeit erstklassige K\u00fcche, einmalige Locations und nat\u00fcrlich auch\u00a0extravagante\u00a0Partys zu erleben. Ich liebe gute K\u00fcche, Motorsport, Pferdesport und einmalige Luxus Events.<\/span><\/p>\n<p style=\"text-align: justify;\"><span style=\"font-size: 18px;\">Der Lifestyle Blog von W&amp;W\u00a0visualisiert Ihnen eine umfangreiche Themenvielfalt und ist ein Symbol f\u00fcr eine positive Einstellung zum Leben mit einem besonderen Auge f\u00fcr die Details und Hintergr\u00fcnde, sowie besonderen Geschichten und Erlebnisse der Menschen, mit denen wir uns umgeben.\u00a0<\/span><\/p>\n<p style=\"text-align: justify;\"><span style=\"font-size: 18px;\">W&amp;W m\u00f6chte Ihnen\u00a0diese Dinge und insbesondere die damit verbundenen Emotionen mit der Absicht n\u00e4herbringen, Sie\u00a0zu inspirieren. Ich bin sehr selektiv und w\u00e4hle nur das Beste f\u00fcr die Leser aus.\u00a0\u00a0<\/span><\/p>\n<p style=\"text-align: justify;\"><span style=\"font-size: 18px;\">Einige davon bieten wir in Zusammenarbeit mit meinen High-End Kooperationspartnern auf\u00a0<span style=\"color: #a07c48;\"><strong><a style=\"color: #a07c48;\" href=\"https:\/\/www.event-ww.de\" target=\"_blank\" rel=\"noopener noreferrer\">www.event-ww.de<\/a><\/strong>\u00a0<\/span>an.<\/span><\/p>\n<p style=\"text-align: center;\"><span style=\"font-size: 18px;\"><strong>Herzlichst<\/strong><\/span><br \/>\n<span style=\"font-size: 18px;\"><strong>W&amp;W<\/strong><\/span><\/p>\n<p>Werbebeitr\u00e4ge werden entsprechend als Sponsored Post markiert.<\/p>\n<p><script type=\"text\/javascript\">\/\/ <![CDATA[ boomads_widget_client = \"3cfc6fe1e71448c9be5af29e365e0b9d\"; boomads_widget_id = \"54\"; boomads_widget_width = \"0\"; boomads_widget_height = \"0\"; boomads_widget_trackingparameter = \"https:\/\/blogstars.travelbook.de?wtmc=blogstars\/rsswidget\"; \/\/ ]]><\/script><script src=\"https:\/\/widget.boomads.com\/scripts\/widget.js\" type=\"text\/javascript\"><\/script><\/p>\n","protected":false},"excerpt":{"rendered":"<p>W&amp;W &#8211;\u00a0Peter Wrede.\u00a0 Als B\u00f6rsenh\u00e4ndler hatte ich die M\u00f6glichkeit erstklassige K\u00fcche, einmalige Locations und nat\u00fcrlich auch\u00a0extravagante\u00a0Partys zu erleben. Ich liebe gute K\u00fcche, Motorsport, Pferdesport und einmalige Luxus Events. Der Lifestyle Blog von W&amp;W\u00a0visualisiert Ihnen eine umfangreiche Themenvielfalt und ist ein Symbol f\u00fcr eine positive Einstellung zum Leben mit einem besonderen Auge f\u00fcr die Details und&hellip;<\/p>\n","protected":false},"author":3,"featured_media":507,"parent":0,"menu_order":0,"comment_status":"open","ping_status":"closed","template":"","meta":{"_monsterinsights_skip_tracking":false,"_monsterinsights_sitenote_active":false,"_monsterinsights_sitenote_note":"","_monsterinsights_sitenote_category":0},"yst_prominent_words":[1490,1489,1485],"_links":{"self":[{"href":"https:\/\/event-ww.de\/blog\/wp-json\/wp\/v2\/pages\/412"}],"collection":[{"href":"https:\/\/event-ww.de\/blog\/wp-json\/wp\/v2\/pages"}],"about":[{"href":"https:\/\/event-ww.de\/blog\/wp-json\/wp\/v2\/types\/page"}],"author":[{"embeddable":true,"href":"https:\/\/event-ww.de\/blog\/wp-json\/wp\/v2\/users\/3"}],"replies":[{"embeddable":true,"href":"https:\/\/event-ww.de\/blog\/wp-json\/wp\/v2\/comments?post=412"}],"version-history":[{"count":2,"href":"https:\/\/event-ww.de\/blog\/wp-json\/wp\/v2\/pages\/412\/revisions"}],"predecessor-version":[{"id":8578,"href":"https:\/\/event-ww.de\/blog\/wp-json\/wp\/v2\/pages\/412\/revisions\/8578"}],"wp:featuredmedia":[{"embeddable":true,"href":"https:\/\/event-ww.de\/blog\/wp-json\/wp\/v2\/media\/507"}],"wp:attachment":[{"href":"https:\/\/event-ww.de\/blog\/wp-json\/wp\/v2\/media?parent=412"}],"wp:term":[{"taxonomy":"yst_prominent_words","embeddable":true,"href":"https:\/\/event-ww.de\/blog\/wp-json\/wp\/v2\/yst_prominent_words?post=412"}],"curies":[{"name":"wp","href":"https:\/\/api.w.org\/{rel}","templated":true}]}}