{"id":576,"date":"2016-05-12T15:59:57","date_gmt":"2016-05-12T13:59:57","guid":{"rendered":"http:\/\/event-ww.de\/blog\/?page_id=576"},"modified":"2018-05-22T23:04:42","modified_gmt":"2018-05-22T21:04:42","slug":"impressum","status":"publish","type":"page","link":"https:\/\/event-ww.de\/blog\/impressum\/","title":{"rendered":"Impressum"},"content":{"rendered":"<h1><span style=\"color: #333333; font-family: 'book antiqua', palatino, serif;\">Impressum<\/span><\/h1>\n<h2><span style=\"color: #333333; font-family: 'book antiqua', palatino, serif;\">Angaben gem\u00e4\u00df \u00a7 5 TMG:<\/span><\/h2>\n<p><span style=\"font-size: 16px; color: #333333; font-family: 'book antiqua', palatino, serif;\"><strong>W&amp;W 360 GRAD GMBH<\/strong><\/span><br \/>\n<span style=\"font-size: 16px; color: #333333; font-family: 'book antiqua', palatino, serif;\"> Theresienbogen 8<\/span><br \/>\n<span style=\"font-size: 16px; color: #333333; font-family: 'book antiqua', palatino, serif;\"> 85716 Unterschleissheim<\/span><\/p>\n<p><span style=\"font-size: 16px; color: #333333; font-family: 'book antiqua', palatino, serif;\">Vertretungsberechtigter\u00a0Gesch\u00e4ftsf\u00fchrer: Peter Wrede<\/span><\/p>\n<p><span style=\"font-size: 16px; color: #333333; font-family: 'book antiqua', palatino, serif;\">Telefon: +49 151 44 344 936<\/span><br \/>\n<span style=\"font-size: 16px; color: #333333; font-family: 'book antiqua', palatino, serif;\"> E-mail: info@event-ww.de<\/span><\/p>\n<p><span style=\"font-size: 16px; color: #333333; font-family: 'book antiqua', palatino, serif;\">Registergericht: Amtsgericht M\u00fcnchen<\/span><br \/>\n<span style=\"font-size: 16px; color: #333333; font-family: 'book antiqua', palatino, serif;\"> Registernummer: HRB 210197<\/span><br \/>\n<span style=\"font-size: 16px; color: #333333; font-family: 'book antiqua', palatino, serif;\"> Stammkapital: 25.000 Euro<\/span><\/p>\n<p><span style=\"font-size: 16px; color: #333333; font-family: 'book antiqua', palatino, serif;\">Umsatzsteuer-Identifikationsnummer gem. \u00a7 27a UstG: DE 294229448<\/span><\/p>\n<p><span style=\"font-size: 16px; color: #333333; font-family: 'book antiqua', palatino, serif;\">Inhaltlich Verantwortlicher i.S.v. \u00a7 55 Abs. 2 RStV: Peter Wrede<\/span><\/p>\n<p><span style=\"font-size: 16px; color: #333333; font-family: 'book antiqua', palatino, serif;\"><strong>\u00a9 W&amp;W 360Grad GmbH\u00a0&amp; www.event-ww.de\/blog , 2016. Eingetragene EU-Marke unter\u00a0<small>no. 014732523<\/small><\/strong><\/span><\/p>\n<h2><span style=\"color: #333333; font-family: 'book antiqua', palatino, serif;\">Streitschlichtung<\/span><\/h2>\n<p><span style=\"color: #333333; font-family: 'book antiqua', palatino, serif;\">Die Europ\u00e4ische Kommission stellt eine Plattform zur Online-<\/span><br \/>\n<span style=\"color: #333333; font-family: 'book antiqua', palatino, serif;\">Streitbeilegung (OS) bereit: <a style=\"color: #333333;\" href=\"https:\/\/ec.europa.eu\/consumers\/odr\" target=\"_blank\" rel=\"noopener\">https:\/\/ec.europa.eu\/consumers\/odr<\/a>.<\/span><br \/>\n<span style=\"color: #333333; font-family: 'book antiqua', palatino, serif;\">Unsere E-Mail-Adresse finden Sie oben im Impressum.<\/span><\/p>\n<p><span style=\"color: #333333; font-family: 'book antiqua', palatino, serif;\">Wir sind nicht bereit oder verpflichtet, an Streitbeilegungsverfahren vor einer Verbraucherschlichtungsstelle teilzunehmen.<\/span><\/p>\n<h3><span style=\"color: #333333; font-family: 'book antiqua', palatino, serif;\">Haftung f\u00fcr Inhalte<\/span><\/h3>\n<p><span style=\"color: #333333; font-family: 'book antiqua', palatino, serif;\">Als Diensteanbieter sind wir gem\u00e4\u00df \u00a7 7 Abs.1 TMG f\u00fcr eigene Inhalte auf diesen Seiten nach den allgemeinen Gesetzen verantwortlich. Nach \u00a7\u00a7 8 bis 10 TMG sind wir als Diensteanbieter jedoch nicht verpflichtet, \u00fcbermittelte oder gespeicherte fremde Informationen zu \u00fcberwachen oder nach Umst\u00e4nden zu forschen, die auf eine rechtswidrige T\u00e4tigkeit hinweisen.<\/span><\/p>\n<p><span style=\"color: #333333; font-family: 'book antiqua', palatino, serif;\">Verpflichtungen zur Entfernung oder Sperrung der Nutzung von Informationen nach den allgemeinen Gesetzen bleiben hiervon unber\u00fchrt. Eine diesbez\u00fcgliche Haftung ist jedoch erst ab dem Zeitpunkt der Kenntnis einer konkreten Rechtsverletzung m\u00f6glich. Bei Bekanntwerden von entsprechenden Rechtsverletzungen werden wir diese Inhalte umgehend entfernen.<\/span><\/p>\n<h3><span style=\"color: #333333; font-family: 'book antiqua', palatino, serif;\">Haftung f\u00fcr Links<\/span><\/h3>\n<p><span style=\"color: #333333; font-family: 'book antiqua', palatino, serif;\">Unser Angebot enth\u00e4lt Links zu externen Websites Dritter, auf deren Inhalte wir keinen Einfluss haben. Deshalb k\u00f6nnen wir f\u00fcr diese fremden Inhalte auch keine Gew\u00e4hr \u00fcbernehmen. F\u00fcr die Inhalte der verlinkten Seiten ist stets der jeweilige Anbieter oder Betreiber der Seiten verantwortlich. Die verlinkten Seiten wurden zum Zeitpunkt der Verlinkung auf m\u00f6gliche Rechtsverst\u00f6\u00dfe \u00fcberpr\u00fcft. Rechtswidrige Inhalte waren zum Zeitpunkt der Verlinkung nicht erkennbar.<\/span><\/p>\n<p><span style=\"color: #333333; font-family: 'book antiqua', palatino, serif;\">Eine permanente inhaltliche Kontrolle der verlinkten Seiten ist jedoch ohne konkrete Anhaltspunkte einer Rechtsverletzung nicht zumutbar. Bei Bekanntwerden von Rechtsverletzungen werden wir derartige Links umgehend entfernen.<\/span><\/p>\n<h3><span style=\"color: #333333; font-family: 'book antiqua', palatino, serif;\">Urheberrecht<\/span><\/h3>\n<p><span style=\"color: #333333; font-family: 'book antiqua', palatino, serif;\">Die durch die Seitenbetreiber erstellten Inhalte und Werke auf diesen Seiten unterliegen dem deutschen Urheberrecht. Die Vervielf\u00e4ltigung, Bearbeitung, Verbreitung und jede Art der Verwertung au\u00dferhalb der Grenzen des Urheberrechtes bed\u00fcrfen der schriftlichen Zustimmung des jeweiligen Autors bzw. Erstellers. Downloads und Kopien dieser Seite sind nur f\u00fcr den privaten, nicht kommerziellen Gebrauch gestattet.<\/span><\/p>\n<p><span style=\"color: #333333; font-family: 'book antiqua', palatino, serif;\">Soweit die Inhalte auf dieser Seite nicht vom Betreiber erstellt wurden, werden die Urheberrechte Dritter beachtet. Insbesondere werden Inhalte Dritter als solche gekennzeichnet. Sollten Sie trotzdem auf eine Urheberrechtsverletzung aufmerksam werden, bitten wir um einen entsprechenden Hinweis. Bei Bekanntwerden von Rechtsverletzungen werden wir derartige Inhalte umgehend entfernen.<\/span><\/p>\n<p>&nbsp;<\/p>\n","protected":false},"excerpt":{"rendered":"<p>Impressum Angaben gem\u00e4\u00df \u00a7 5 TMG: W&amp;W 360 GRAD GMBH Theresienbogen 8 85716 Unterschleissheim Vertretungsberechtigter\u00a0Gesch\u00e4ftsf\u00fchrer: Peter Wrede Telefon: +49 151 44 344 936 E-mail: info@event-ww.de Registergericht: Amtsgericht M\u00fcnchen Registernummer: HRB 210197 Stammkapital: 25.000 Euro Umsatzsteuer-Identifikationsnummer gem. \u00a7 27a UstG: DE 294229448 Inhaltlich Verantwortlicher i.S.v. \u00a7 55 Abs. 2 RStV: Peter Wrede \u00a9 W&amp;W 360Grad GmbH\u00a0&amp;&hellip;<\/p>\n","protected":false},"author":3,"featured_media":0,"parent":0,"menu_order":0,"comment_status":"closed","ping_status":"closed","template":"","meta":{"_monsterinsights_skip_tracking":false,"_monsterinsights_sitenote_active":false,"_monsterinsights_sitenote_note":"","_monsterinsights_sitenote_category":0},"yst_prominent_words":[],"_links":{"self":[{"href":"https:\/\/event-ww.de\/blog\/wp-json\/wp\/v2\/pages\/576"}],"collection":[{"href":"https:\/\/event-ww.de\/blog\/wp-json\/wp\/v2\/pages"}],"about":[{"href":"https:\/\/event-ww.de\/blog\/wp-json\/wp\/v2\/types\/page"}],"author":[{"embeddable":true,"href":"https:\/\/event-ww.de\/blog\/wp-json\/wp\/v2\/users\/3"}],"replies":[{"embeddable":true,"href":"https:\/\/event-ww.de\/blog\/wp-json\/wp\/v2\/comments?post=576"}],"version-history":[{"count":0,"href":"https:\/\/event-ww.de\/blog\/wp-json\/wp\/v2\/pages\/576\/revisions"}],"wp:attachment":[{"href":"https:\/\/event-ww.de\/blog\/wp-json\/wp\/v2\/media?parent=576"}],"wp:term":[{"taxonomy":"yst_prominent_words","embeddable":true,"href":"https:\/\/event-ww.de\/blog\/wp-json\/wp\/v2\/yst_prominent_words?post=576"}],"curies":[{"name":"wp","href":"https:\/\/api.w.org\/{rel}","templated":true}]}}